est common divisor of 47952 and 864?
432
What is the greatest common factor of 6026 and 437?
23
What is the highest common divisor of 21 and 244923?
21
What is the greatest common factor of 4581694 and 52?
26
What is the greatest common divisor of 3531715 and 157?
157
Calculate the highest common factor of 3 and 1318557.
3
What is the greatest common factor of 582 and 7663?
97
What is the highest common divisor of 39746 and 4522?
238
What is the highest common divisor of 222 and 777?
111
Calculate the highest common divisor of 598272 and 738.
246
Calculate the greatest common factor of 23320 and 2968.
424
Calculate the greatest common divisor of 1624 and 42728.
56
What is the highest common factor of 8 and 212456?
8
What is the highest common divisor of 671364 and 612?
612
Calculate the highest common divisor of 63360 and 8720.
80
Calculate the greatest common divisor of 66 and 613096.
22
Calculate the greatest common divisor of 7064 and 568.
8
What is the highest common divisor of 9099 and 729?
27
Calculate the highest common factor of 1436 and 284.
4
Calculate the highest common factor of 16205 and 231.
7
What is the highest common factor of 6015 and 1560?
15
Calculate the highest common divisor of 8540 and 52826.
122
What is the greatest common factor of 139458 and 44?
22
What is the highest common divisor of 553 and 6076364?
553
Calculate the highest common factor of 4000 and 576.
32
What is the greatest common factor of 10544 and 38881?
659
What is the highest common factor of 947870 and 2310?
770
Calculate the highest common divisor of 2384 and 344.
8
What is the highest common divisor of 234 and 78052?
26
What is the highest common factor of 4422 and 670?
134
What is the highest common factor of 26 and 2486016?
26
Calculate the greatest common divisor of 775 and 172050.
775
What is the highest common factor of 1780575 and 50?
25
What is the highest common factor of 194460 and 1260?
420
Calculate the greatest common divisor of 6610 and 30.
10
What is the greatest common divisor of 60 and 4379020?
20
Calculate the highest common divisor of 17 and 373354.
17
What is the highest common divisor of 336842 and 488?
122
Calculate the greatest common divisor of 681434 and 13.
13
Calculate the greatest common divisor of 8046 and 5778.
54
Calculate the greatest common divisor of 78 and 304707.
39
Calculate the greatest common divisor of 6798135 and 15.
15
Calculate the greatest common divisor of 1376 and 495876.
172
What is the greatest common factor of 1081 and 392873?
47
What is the highest common divisor of 582 and 2148?
6
Calculate the highest common divisor of 69 and 37697.
23
Calculate the highest common factor of 144 and 5936.
16
What is the greatest common factor of 111 and 5069?
37
Calculate the highest common divisor of 52780 and 17980.
580
What is the greatest common divisor of 2806209 and 63?
63
What is the highest common divisor of 4635501 and 13?
13
What is the highest common factor of 68 and 270062?
34
What is the greatest common factor of 557748 and 396?
36
What is the greatest common factor of 2272 and 2000?
16
Calculate the highest common factor of 3851791 and 47.
47
What is the greatest common divisor of 557874 and 378?
54
Calculate the greatest common factor of 644 and 13804.
28
Calculate the highest common divisor of 308 and 308462.
154
What is the greatest common factor of 491 and 1325209?
491
Calculate the highest common divisor of 1863 and 185955.
69
Calculate the greatest common factor of 85261 and 674.
337
Calculate the highest common divisor of 480 and 462720.
480
Calculate the greatest common factor of 14381 and 803.
73
What is the greatest common divisor of 296 and 609242?
74
What is the greatest common factor of 869 and 3091?
11
What is the greatest common factor of 45 and 403605?
45
Calculate the greatest common divisor of 20000 and 480.
160
Calculate the greatest common divisor of 284928 and 212.
212
What is the greatest common divisor of 975 and 2906475?
975
Calculate the greatest common factor of 19008 and 12816.
144
Calculate the highest common factor of 10410 and 810.
30
Calculate the highest common divisor of 238 and 903700.
14
What is the highest common divisor of 38533 and 2728?
341
What is the greatest common divisor of 1890 and 699?
3
Calculate the greatest common factor of 2037 and 817419.
291
What is the highest common factor of 75004 and 782?
34
Calculate the highest common factor of 5 and 911195.
5
What is the greatest common factor of 15636 and 750?
6
What is the greatest common divisor of 797854 and 807?
269
Calculate the greatest common factor of 2586 and 9199695.
1293
What is the greatest common factor of 11895 and 8905?
65
Calculate the greatest common factor of 368 and 46184.
184
Calculate the greatest common divisor of 2814 and 15879.
201
What is the greatest common factor of 462 and 202734?
42
What is the highest common divisor of 1653 and 825873?
57
What is the highest common factor of 272388 and 12?
12
What is the greatest common factor of 160 and 5800?
40
Calculate the greatest common factor of 34425 and 2975.
425
Calculate the greatest common factor of 15 and 1904850.
15
Calculate the highest common factor of 178 and 2567561.
89
What is the greatest common divisor of 157210 and 4740?
790
What is the highest common divisor of 140268 and 36?
12
What is the greatest common divisor of 112 and 505904?
112
What is the highest common divisor of 8366 and 3008?
94
Calculate the greatest common divisor of 728450 and 250.
50
Calculate the greatest common divisor of 24 and 202632.
24
What is the greatest common factor of 189 and 552573?
63
What is the greatest common divisor of 3829 and 98?
7
Calculate the greatest common divisor of 1400280 and 16.
8
Calculate the highest common factor of 62 and 73098.
62
What is the highest common factor of 1463520 and 1120?
160
What is the greatest common divisor of 1104 and 5076?
12
Calculate the greatest common factor of 11431 and 19880.
497
What is the highest common divisor of 4090 and 26?
2
Calculate the highest common factor of 16825 and 21536.
673
Calculate the highest common factor of 8991 and 74.
37
What is the highest common divisor of 105741 and 279?
279
Calculate the greatest common factor of 692 and 136324.
692
What is the highest common divisor of 360 and 122895?
45
Calculate the greatest common divisor of 44775 and 225.
225
What is the highest common divisor of 141320 and 280?
40
Calculate the greatest common factor of 27097 and 6860.
343
What is the greatest common divisor of 4426 and 14?
2
What is the highest common factor of 147220 and 640?
20
What is the highest common factor of 5940360 and 45?
45
Calculate the greatest common divisor of 33 and 144397.
11
Calculate the highest common factor of 231 and 3192.
21
What is the greatest common divisor of 1053 and 2366?
13
Calculate the highest common divisor of 10 and 237460.
10
What is the highest common divisor of 392469 and 264?
33
Calculate the greatest common factor of 1817319 and 21.
21
What is the greatest common divisor of 2936 and 133221?
367
What is the highest common factor of 332 and 186667?
83
What is the greatest common divisor of 668825 and 155?
155
Calculate the highest common divisor of 905151 and 13.
13
Calculate the greatest common factor of 346 and 22.
2
What is the highest common factor of 2201 and 527?
31
What is the greatest common factor of 27710 and 680?
170
What is the greatest common factor of 375 and 1584?
3
Calculate the highest common divisor of 720 and 26064.
144
Calculate the highest common factor of 5623975 and 1225.
1225
Calculate the highest common divisor of 51963 and 3.
3
Calculate the highest common divisor of 134375 and 2107.
43
Calculate the highest common divisor of 94507 and 69.
23
Calculate the highest common divisor of 1294 and 3328.
2
What is the highest common factor of 208 and 26?
26
Calculate the greatest common factor of 544 and 2649824.
544
Calculate the greatest common divisor of 1224 and 18660.
12
Calculate the highest common divisor of 910 and 622310.
130
What is the highest common factor of 591040 and 80?
80
Calculate the greatest common divisor of 9 and 1458981.
9
What is the greatest common divisor of 1703 and 32708?
13
What is the greatest comm